{"id":1622,"date":"2021-12-07T22:34:05","date_gmt":"2021-12-07T22:34:05","guid":{"rendered":"https:\/\/dev.orcamedia.ch\/?page_id=1622"},"modified":"2025-01-10T10:12:21","modified_gmt":"2025-01-10T10:12:21","slug":"warum-orca","status":"publish","type":"page","link":"https:\/\/www.orcamedia.ch\/?page_id=1622","title":{"rendered":"Warum ORCA"},"content":{"rendered":"<div class=\"fusion-fullwidth fullwidth-box fusion-builder-row-1 fusion-flex-container nonhundred-percent-fullwidth non-hundred-percent-height-scrolling\" style=\"--awb-border-radius-top-left:0px;--awb-border-radius-top-right:0px;--awb-border-radius-bottom-right:0px;--awb-border-radius-bottom-left:0px;--awb-padding-top:120px;--awb-flex-wrap:wrap;\" ><div class=\"fusion-builder-row fusion-row fusion-flex-align-items-flex-start fusion-flex-content-wrap\" style=\"max-width:1216.8px;margin-left: calc(-4% \/ 2 );margin-right: calc(-4% \/ 2 );\"><div class=\"fusion-layout-column fusion_builder_column fusion-builder-column-0 fusion_builder_column_1_1 1_1 fusion-flex-column\" style=\"--awb-bg-size:cover;--awb-width-large:100%;--awb-margin-top-large:0px;--awb-spacing-right-large:1.92%;--awb-margin-bottom-large:0px;--awb-spacing-left-large:1.92%;--awb-width-medium:100%;--awb-order-medium:0;--awb-spacing-right-medium:1.92%;--awb-spacing-left-medium:1.92%;--awb-width-small:100%;--awb-order-small:0;--awb-spacing-right-small:1.92%;--awb-spacing-left-small:1.92%;\"><div class=\"fusion-column-wrapper fusion-column-has-shadow fusion-flex-justify-content-flex-start fusion-content-layout-column\"><div class=\"fusion-title title fusion-title-1 fusion-sep-none fusion-title-text fusion-title-size-two\" style=\"--awb-margin-top-small:20px;--awb-margin-right-small:0px;--awb-margin-bottom-small:20px;--awb-margin-left-small:0px;\"><h2 class=\"fusion-title-heading title-heading-left fusion-responsive-typography-calculated\" style=\"margin:0;--fontSize:60;line-height:1.17;\">Warum \u00abORCA\u00bb?<\/h2><\/div><\/div><\/div><div class=\"fusion-layout-column fusion_builder_column fusion-builder-column-1 fusion_builder_column_2_3 2_3 fusion-flex-column\" style=\"--awb-bg-size:cover;--awb-width-large:66.666666666667%;--awb-margin-top-large:0px;--awb-spacing-right-large:2.88%;--awb-margin-bottom-large:0px;--awb-spacing-left-large:2.88%;--awb-width-medium:100%;--awb-order-medium:0;--awb-spacing-right-medium:1.92%;--awb-spacing-left-medium:1.92%;--awb-width-small:100%;--awb-order-small:0;--awb-spacing-right-small:1.92%;--awb-spacing-left-small:1.92%;\"><div class=\"fusion-column-wrapper fusion-column-has-shadow fusion-flex-justify-content-flex-start fusion-content-layout-column\"><div class=\"fusion-text fusion-text-1\" style=\"--awb-text-transform:none;\"><p>Die Schwertwale (lat. Orcinus orca, kurz Orcas) sind in allen Weltmeeren verbreitet. Ein Schl\u00fcssel dieses Erfolgs ist eine besondere F\u00e4higkeit: Sie erkennen \u00c4nderungen in ihrem Umfeld schnell und passen sich differenziert an sie an. Dazu pr\u00e4gen Eigenschaften wie Ausdauer, soziale Intelligenz und eine gesunde Neugier ihren Charakter. So wurden die Orcas zur Inspiration f\u00fcr die Namensgebung unserer kleinen Firma: Wir nehmen uns diese positiven Charakterz\u00fcge zum Vorbild und lassen sie in die t\u00e4gliche Arbeit einfliessen.<\/p>\n<p>Wir revanchieren uns bei unserem Logotier und unterst\u00fctzen regelm\u00e4ssig Sea Shepherd \u2013 eine internationale, direkt agierende Organisation zum Schutz der Ozeane und ihrer Bewohner.<\/p>\n<p>Mehr zu Sea Shepherd Global: <u><a href=\"https:\/\/www.seashepherdglobal.org\/\" target=\"_blank\" rel=\"noopener\">www.seashepherdglobal.org<\/a><\/u><br \/>\nMehr zu Sea Shepherd Schweiz: <u><a href=\"https:\/\/www.seashepherd.ch\/de-ch\/\" target=\"_blank\" rel=\"noopener noreferrer\">www.seashepherd.ch\/de-ch\/<\/a><\/u><br \/>\nWissenswertes \u00fcber Orcas: <u><a href=\"https:\/\/www.peta.de\/themen\/orcas\/\" target=\"_blank\" rel=\"noopener noreferrer\">www.peta.de\/themen\/orcas\/<\/a><\/u><\/p>\n<\/div><\/div><\/div><div class=\"fusion-layout-column fusion_builder_column fusion-builder-column-2 fusion_builder_column_1_3 1_3 fusion-flex-column\" style=\"--awb-bg-size:cover;--awb-width-large:33.333333333333%;--awb-margin-top-large:0px;--awb-spacing-right-large:5.76%;--awb-margin-bottom-large:0px;--awb-spacing-left-large:5.76%;--awb-width-medium:100%;--awb-order-medium:0;--awb-spacing-right-medium:1.92%;--awb-spacing-left-medium:1.92%;--awb-width-small:100%;--awb-order-small:0;--awb-spacing-right-small:1.92%;--awb-spacing-left-small:1.92%;\"><div class=\"fusion-column-wrapper fusion-column-has-shadow fusion-flex-justify-content-flex-start fusion-content-layout-column\"><div class=\"fusion-image-element \" style=\"--awb-margin-bottom:30px;--awb-caption-title-font-family:var(--h2_typography-font-family);--awb-caption-title-font-weight:var(--h2_typography-font-weight);--awb-caption-title-font-style:var(--h2_typography-font-style);--awb-caption-title-size:var(--h2_typography-font-size);--awb-caption-title-transform:var(--h2_typography-text-transform);--awb-caption-title-line-height:var(--h2_typography-line-height);--awb-caption-title-letter-spacing:var(--h2_typography-letter-spacing);\"><span class=\" fusion-imageframe imageframe-none imageframe-1 hover-type-none\"><img decoding=\"async\" width=\"510\" height=\"351\" title=\"Orca @ Speed\" src=\"https:\/\/www.orcamedia.ch\/wp-content\/uploads\/2021\/12\/orca_speed.jpg\" data-orig-src=\"https:\/\/www.orcamedia.ch\/wp-content\/uploads\/2021\/12\/orca_speed.jpg\" alt class=\"lazyload img-responsive wp-image-1674\" srcset=\"data:image\/svg+xml,%3Csvg%20xmlns%3D%27http%3A%2F%2Fwww.w3.org%2F2000%2Fsvg%27%20width%3D%27510%27%20height%3D%27351%27%20viewBox%3D%270%200%20510%20351%27%3E%3Crect%20width%3D%27510%27%20height%3D%27351%27%20fill-opacity%3D%220%22%2F%3E%3C%2Fsvg%3E\" data-srcset=\"https:\/\/www.orcamedia.ch\/wp-content\/uploads\/2021\/12\/orca_speed-200x138.jpg 200w, https:\/\/www.orcamedia.ch\/wp-content\/uploads\/2021\/12\/orca_speed-400x275.jpg 400w, https:\/\/www.orcamedia.ch\/wp-content\/uploads\/2021\/12\/orca_speed.jpg 510w\" data-sizes=\"auto\" data-orig-sizes=\"(max-width: 1024px) 100vw, (max-width: 640px) 100vw, 400px\" \/><\/span><\/div><div class=\"fusion-image-element \" style=\"--awb-caption-title-font-family:var(--h2_typography-font-family);--awb-caption-title-font-weight:var(--h2_typography-font-weight);--awb-caption-title-font-style:var(--h2_typography-font-style);--awb-caption-title-size:var(--h2_typography-font-size);--awb-caption-title-transform:var(--h2_typography-text-transform);--awb-caption-title-line-height:var(--h2_typography-line-height);--awb-caption-title-letter-spacing:var(--h2_typography-letter-spacing);\"><span class=\" fusion-imageframe imageframe-none imageframe-2 hover-type-none\" style=\"border:3px solid #eaeaea;\"><a class=\"fusion-no-lightbox\" href=\"https:\/\/www.seashepherdglobal.org\/\" target=\"_blank\" aria-label=\"Sea-shepherd-logo\" rel=\"noopener noreferrer\"><img decoding=\"async\" width=\"662\" height=\"497\" src=\"https:\/\/www.orcamedia.ch\/wp-content\/uploads\/2021\/12\/Sea-shepherd-logo.jpg\" data-orig-src=\"https:\/\/www.orcamedia.ch\/wp-content\/uploads\/2021\/12\/Sea-shepherd-logo.jpg\" alt class=\"lazyload img-responsive wp-image-1654\" srcset=\"data:image\/svg+xml,%3Csvg%20xmlns%3D%27http%3A%2F%2Fwww.w3.org%2F2000%2Fsvg%27%20width%3D%27662%27%20height%3D%27497%27%20viewBox%3D%270%200%20662%20497%27%3E%3Crect%20width%3D%27662%27%20height%3D%27497%27%20fill-opacity%3D%220%22%2F%3E%3C%2Fsvg%3E\" data-srcset=\"https:\/\/www.orcamedia.ch\/wp-content\/uploads\/2021\/12\/Sea-shepherd-logo-200x150.jpg 200w, https:\/\/www.orcamedia.ch\/wp-content\/uploads\/2021\/12\/Sea-shepherd-logo-400x300.jpg 400w, https:\/\/www.orcamedia.ch\/wp-content\/uploads\/2021\/12\/Sea-shepherd-logo-600x450.jpg 600w, https:\/\/www.orcamedia.ch\/wp-content\/uploads\/2021\/12\/Sea-shepherd-logo.jpg 662w\" data-sizes=\"auto\" data-orig-sizes=\"(max-width: 1024px) 100vw, (max-width: 640px) 100vw, 400px\" \/><\/a><\/span><\/div><\/div><\/div><\/div><\/div>\n","protected":false},"excerpt":{"rendered":"","protected":false},"author":1,"featured_media":0,"parent":0,"menu_order":0,"comment_status":"closed","ping_status":"closed","template":"","meta":{"footnotes":""},"class_list":["post-1622","page","type-page","status-publish","hentry"],"_links":{"self":[{"href":"https:\/\/www.orcamedia.ch\/index.php?rest_route=\/wp\/v2\/pages\/1622","targetHints":{"allow":["GET"]}}],"collection":[{"href":"https:\/\/www.orcamedia.ch\/index.php?rest_route=\/wp\/v2\/pages"}],"about":[{"href":"https:\/\/www.orcamedia.ch\/index.php?rest_route=\/wp\/v2\/types\/page"}],"author":[{"embeddable":true,"href":"https:\/\/www.orcamedia.ch\/index.php?rest_route=\/wp\/v2\/users\/1"}],"replies":[{"embeddable":true,"href":"https:\/\/www.orcamedia.ch\/index.php?rest_route=%2Fwp%2Fv2%2Fcomments&post=1622"}],"version-history":[{"count":30,"href":"https:\/\/www.orcamedia.ch\/index.php?rest_route=\/wp\/v2\/pages\/1622\/revisions"}],"predecessor-version":[{"id":1855,"href":"https:\/\/www.orcamedia.ch\/index.php?rest_route=\/wp\/v2\/pages\/1622\/revisions\/1855"}],"wp:attachment":[{"href":"https:\/\/www.orcamedia.ch\/index.php?rest_route=%2Fwp%2Fv2%2Fmedia&parent=1622"}],"curies":[{"name":"wp","href":"https:\/\/api.w.org\/{rel}","templated":true}]}}